{"id":2,"date":"2025-06-24T05:46:38","date_gmt":"2025-06-24T05:46:38","guid":{"rendered":"https:\/\/asociatia.amveko.ro\/?page_id=2"},"modified":"2025-06-26T07:46:05","modified_gmt":"2025-06-26T07:46:05","slug":"sample-page","status":"publish","type":"page","link":"https:\/\/asociatia.amveko.ro\/","title":{"rendered":"Asocia\u021bia Amveko"},"content":{"rendered":"\n<blockquote class=\"wp-block-quote is-layout-flow wp-block-quote-is-layout-flow\">\n<p>Credem c\u0103 faptele mici, f\u0103cute la timp, pot aduce schimb\u0103ri reale. <\/p>\n\n\n\n<p>Ne ocup\u0103m de dona\u021bii simple, sponsoriz\u0103ri utile \u0219i sprijin direct pentru oameni care muncesc cu propriile m\u00e2ini, dar au nevoie de un impuls.<\/p>\n\n\n\n<p><strong>Primul nostru pas:<\/strong>&nbsp;o foarfec\u0103 electric\u0103, ajuns\u0103 acolo unde era mai mare nevoie de ea.<\/p>\n\n\n\n<p>Descoper\u0103 ce facem \u0219i hai s\u0103 punem lucrurile \u00een mi\u0219care, \u00eempreun\u0103!<\/p>\n\n\n\n<p>\ud83d\udc49&nbsp;<em>Bine organizat.<\/em><\/p>\n<\/blockquote>\n\n\n\n<p><strong>Bine ai venit la Asocia\u021bia Amveko!<\/strong><\/p>\n\n\n\n<figure class=\"wp-block-embed is-type-video is-provider-youtube wp-block-embed-youtube wp-embed-aspect-16-9 wp-has-aspect-ratio\"><div class=\"wp-block-embed__wrapper\">\n<iframe loading=\"lazy\" title=\"TATAIA A PRIMIT UN CADOU LA MALIUC DELTA DUN\u0102RII; MOTOR REPARAT!\" width=\"1170\" height=\"658\" src=\"https:\/\/www.youtube.com\/embed\/UfgQB7NkgeY?feature=oembed\" frameborder=\"0\" allow=\"accelerometer; autoplay; clipboard-write; encrypted-media; gyroscope; picture-in-picture; web-share\" referrerpolicy=\"strict-origin-when-cross-origin\" allowfullscreen><\/iframe>\n<\/div><\/figure>\n\n\n\n<blockquote class=\"wp-block-quote is-layout-flow wp-block-quote-is-layout-flow\">\n<p><\/p>\n<\/blockquote>\n\n\n\n<p><\/p>\n","protected":false},"excerpt":{"rendered":"<p>Credem c\u0103 faptele mici, f\u0103cute la timp, pot aduce schimb\u0103ri reale. Ne ocup\u0103m de dona\u021bii<\/p>\n","protected":false},"author":1,"featured_media":38,"parent":0,"menu_order":0,"comment_status":"closed","ping_status":"open","template":"","meta":{"footnotes":""},"class_list":["post-2","page","type-page","status-publish","has-post-thumbnail","hentry"],"_links":{"self":[{"href":"https:\/\/asociatia.amveko.ro\/index.php\/wp-json\/wp\/v2\/pages\/2","targetHints":{"allow":["GET"]}}],"collection":[{"href":"https:\/\/asociatia.amveko.ro\/index.php\/wp-json\/wp\/v2\/pages"}],"about":[{"href":"https:\/\/asociatia.amveko.ro\/index.php\/wp-json\/wp\/v2\/types\/page"}],"author":[{"embeddable":true,"href":"https:\/\/asociatia.amveko.ro\/index.php\/wp-json\/wp\/v2\/users\/1"}],"replies":[{"embeddable":true,"href":"https:\/\/asociatia.amveko.ro\/index.php\/wp-json\/wp\/v2\/comments?post=2"}],"version-history":[{"count":6,"href":"https:\/\/asociatia.amveko.ro\/index.php\/wp-json\/wp\/v2\/pages\/2\/revisions"}],"predecessor-version":[{"id":41,"href":"https:\/\/asociatia.amveko.ro\/index.php\/wp-json\/wp\/v2\/pages\/2\/revisions\/41"}],"wp:featuredmedia":[{"embeddable":true,"href":"https:\/\/asociatia.amveko.ro\/index.php\/wp-json\/wp\/v2\/media\/38"}],"wp:attachment":[{"href":"https:\/\/asociatia.amveko.ro\/index.php\/wp-json\/wp\/v2\/media?parent=2"}],"curies":[{"name":"wp","href":"https:\/\/api.w.org\/{rel}","templated":true}]}}